
6
What is the hundred thousands digit of 2605829?
6
What is the thousands digit of 110913?
0
What is the hundred thousands digit of 1234898?
2
What is the tens digit of 24464507?
0
What is the hundred thousands digit of 280458?
2
What is the hundreds digit of 2708532?
5
What is the hundreds digit of 6927906?
9
What is the units digit of 829575?
5
What is the ten millions digit of 12119572?
1
What is the hundred thousands digit of 408394?
4
What is the hundreds digit of 1683497?
4
What is the hundred thousands digit of 110305?
1
What is the tens digit of 4140405?
0
What is the thousands digit of 1139847?
9
What is the hundred thousands digit of 6281789?
2
What is the tens digit of 1353198?
9
What is the thousands digit of 114971?
4
What is the tens digit of 3325152?
5
What is the millions digit of 12115167?
2
What is the hundred thousands digit of 360684?
3
What is the thousands digit of 979552?
9
What is the millions digit of 15519879?
5
What is the tens digit of 716877?
7
What is the hundred thousands digit of 795035?
7
What is the hundreds digit of 63284?
2
What is the hundred thousands digit of 301804?
3
What is the hundreds digit of 204738?
7
What is the hundreds digit of 15900400?
4
What is the tens digit of 326778?
7
What is the thousands digit of 114532?
4
What is the units digit of 49091?
1
What is the thousands digit of 1669087?
9
What is the hundreds digit of 10381131?
1
What is the hundreds digit of 288204?
2
What is the ten thousands digit of 3855256?
5
What is the hundreds digit of 303128?
1
What is the units digit of 2084938?
8
What is the hundred thousands digit of 2710121?
7
What is the thousands digit of 2434544?
4
What is the units digit of 4448993?
3
What is the hundreds digit of 5737190?
1
What is the ten thousands digit of 148207?
4
What is the hundreds digit of 198992?
9
What is the ten thousands digit of 980688?
8
What is the tens digit of 4520117?
1
What is the units digit of 35788?
8
What is the units digit of 489998?
8
What is the hundreds digit of 1609234?
2
What is the thousands digit of 600032?
0
What is the thousands digit of 208588?
8
What is the ten thousands digit of 204296?
0
What is the hundreds digit of 88452?
4
What is the units digit of 466988?
8
What is the thousands digit of 6457085?
7
What is the hundred thousands digit of 505080?
5
What is the thousands digit of 627877?
7
What is the units digit of 311663?
3
What is the units digit of 2480461?
1
What is the ten thousands digit of 31804?
3
What is the hundreds digit of 289848?
8
What is the hundred thousands digit of 159417?
1
What is the tens digit of 2670888?
8
What is the ten thousands digit of 1068385?
6
What is the millions digit of 26114812?
6
What is the thousands digit of 7214?
7
What is the hundreds digit of 4947011?
0
What is the tens digit of 175192?
9
What is the ten thousands digit of 2863878?
6
What is the hundred thousands digit of 11077535?
0
What is the hundreds digit of 59810?
8
What is the hundreds digit of 4763?
7
What is the hundred thousands digit of 1933000?
9
What is the ten thousands digit of 961012?
6
What is the ten thousands digit of 3166657?
6
What is the tens digit of 398031?
3
What is the hundred thousands digit of 446824?
4
What is the hundred thousands digit of 567946?
5
What is the hundreds digit of 961494?
4
What is the hundred thousands digit of 1710561?
7
What is the tens digit of 2620883?
8
What is the units digit of 3285028?
8
What is the thousands digit of 647659?
7
What is the tens digit of 554043?
4
What is the hundreds digit of 1125231?
2
What is the ten thousands digit of 25914286?
1
What is the hundred thousands digit of 22424384?
4
What is the hundreds digit of 12724793?
7
What is the millions digit of 22778305?
2
What is the hundred thousands digit of 2172373?
1
What is the tens digit of 1459295?
9
What is the tens digit of 50921?
2
What is the hundred thousands digit of 365456?
3
What is the ten thousands digit of 11382267?
8
What is the hundreds digit of 29328?
3
What is the hundreds digit of 4349402?
4
What is the tens digit of 10390802?
0
What is the hundred thousands digit of 664007?
6
What is the ten thousands digit of 9473603?
7
What is the hundreds digit of 93073?
0
What is the hundred thousands digit of 294482?
2
What is the hundreds digit of 3252779?
7
What is the units digit of 214571?
1
What is the units digit of 1455681?
1
What is the thousands digit of 1424341?
4
What is the ten thousands digit of 1364719?
6
What is the tens digit of 2210299?
9
What is the millions digit of 1483375?
1
What is the hundreds digit of 164143?
1
What is the ten thousands digit of 3401076?
0
What is the hundred thousands digit of 35772719?
7
What is the hundred thousands digit of 1509925?
5
What is the tens digit of 4108503?
0
What is the ten thousands digit of 12043005?
4
What is the units digit of 5511380?
0
What is the ten thousands digit of 142197?
4
What is the millions digit of 1373036?
1
What is the units digit of 8648260?
0
What is the ten thousands digit of 451374?
5
What is the units digit of 1629655?
5
What is the units digit of 131406?
6
What is the hundreds digit of 6645557?
5
What is the ten thousands digit of 168993?
6
What is the tens digit of 369310?
1
What is the thousands digit of 291370?
1
What is the millions digit of 2472878?
2
What is the hundred thousands digit of 921855?
9
What is the units digit of 903389?
9
What is the tens digit of 213772?
7
What is the ten thousands digit of 275079?
7
What is the thousands digit of 2078064?
8
What is the hundred thousands digit of 890890?
8
What is the units digit of 11638477?
7
What is the thousands digit of 16979311?
9
What is the millions digit of 1496459?
1
What is the tens digit of 346874?
7
What is the ten thousands digit of 838737?
3
What is the units digit of 14643209?
9
What is the ten thousands digit of 126121?
2
What is the thousands digit of 1074237?
4
What is the ten thousands digit of 4743908?
4
What is the hundred thousands digit of 210495?
2
What is the hundred thousands digit of 8291228?
2
What is the hundred thousands digit of 9080330?
0
What is the ten thousands digit of 694855?
9
What is the thousands digit of 117767?
7
What is the hundred thousands digit of 242071?
2
What is the ten thousands digit of 2729594?
2
What is the units digit of 410796?
6
What is the hundred thousands digit of 116420?
1
What is the hundreds digit of 269782?
7
What is the millions digit of 2467889?
2
What is the hundreds digit of 2403243?
2
What is the millions digit of 30653857?
0
What is the ten thousands digit of 5937308?
3
What is the hundreds digit of 67360?
3
What is the hundreds digit of 2299910?
9
What is the hundreds digit of 11395424?
4
What is the units digit of 48089?
9
What is the hundred thousands digit of 5738595?
7
What is the thousands digit of 9082410?
2
What is the thousands digit of 2194694?
4
What is the hundreds digit of 36749?
7
What is the tens digit of 24107660?
6
What is the ten thousands digit of 1438703?
3
What is the thousands digit of 348556?
8
What is the hundreds digit of 215691?
6
What is the tens digit of 979831?
3
What is the hundred thousands digit of 1304119?
3
What is the tens digit of 843134?
3
What is the thousands digit of 13993849?
3
What is the tens digit of 135875?
7
What is the ten millions digit of 22210016?
2
What is the tens digit of 14345485?
8
What is the thousands digit of 3092749?
2
What is the units digit of 948579?
9
What is the thousands digit of 6874711?
4
What is the ten thousands digit of 1276156?
7
What is the thousands digit of 2917822?
7
What is the thousands digit of 3071539?
1
What is the thousands digit of 218285?
8
What is the hundreds digit of 773956?
9
What is the thousands digit of 558984?
8
What is the ten thousands digit of 260224?
6
What is the hundred thousands digit of 21889192?
8
What is the ten thousands digit of 48411?
4
What is the ten thousands digit of 63395?
6
What is the thousands digit of 3138575?
8
What is the thousands digit of 3821773?
1
What is the thousands digit of 1693933?
3
What is the hundred thousands digit of 215746?
2
What is the ten thousands digit of 24004?
2
What is the units digit of 191763?
3
What is the hundreds digit of 445348?
3
What is the units digit